{"id":6284,"date":"2023-02-20T17:42:59","date_gmt":"2023-02-20T17:42:59","guid":{"rendered":"http:\/\/pernet-mugnier.fr\/photos2\/?page_id=6284"},"modified":"2024-12-22T13:02:13","modified_gmt":"2024-12-22T12:02:13","slug":"photographe-architecture-immobilier-annecy","status":"publish","type":"page","link":"https:\/\/laurencepm-photo.com\/en\/","title":{"rendered":"Home"},"content":{"rendered":"<div class=\"wpb-content-wrapper\"><p>[vc_row full_width=&#8221;stretch_row_content_no_spaces&#8221; desctop_mb=&#8221;margin-lg-120b&#8221; desctop_md_mb=&#8221;margin-md-80b&#8221; tablets_mb=&#8221;margin-sm-80b&#8221; mobile_mb=&#8221;margin-xs-40b&#8221;][vc_column css_animation=&#8221;none&#8221;][banner_slider type_slider=&#8221;myro&#8221; autoplay=&#8221;2&#8243; speed=&#8221;3000&#8243; socials_urban=&#8221;%5B%7B%22icon%22%3A%22fa%20fa-dribbble%22%2C%22social_url%22%3A%22https%3A%2F%2Fdribbble.com%2F%22%7D%2C%7B%22icon%22%3A%22fa%20fa-instagram%22%2C%22social_url%22%3A%22https%3A%2F%2Fwww.instagram.com%2F%22%7D%2C%7B%22icon%22%3A%22fa%20fa-twitter%22%2C%22social_url%22%3A%22https%3A%2F%2Ftwitter.com%2F%22%7D%2C%7B%22icon%22%3A%22fa%20fa-facebook-square%22%2C%22social_url%22%3A%22https%3A%2F%2Fwww.facebook.com%2F%22%7D%5D&#8221; additional_title=&#8221;WISO &#8211; DESIGN STYDIO&#8221;][banner_slider_items option_style=&#8221;urban&#8221; title=&#8221;Architecture &amp; Real Estate&#8221; btn_style=&#8221;a-btn-2&#8243; image=&#8221;6377&#8243; button=&#8221;url:https%3A%2F%2Flaurencepm-photo.com%2Fen%2Fphotographe-architecture-et-immobilier-a-annecy-geneve%2F|title:See%20Portfolio&#8221;][banner_slider_items option_style=&#8221;urban&#8221; title=&#8221;Drone Photography&#8221; btn_style=&#8221;a-btn-2&#8243; image=&#8221;6733&#8243; button=&#8221;url:https%3A%2F%2Flaurencepm-photo.com%2Fen%2Fphotographe-prise-vue-aerienne-drone-a-annecy%2F|title:See%20Portfolio&#8221;][banner_slider_items option_style=&#8221;urban&#8221; title=&#8221;3D Virtual Visits&#8221; btn_style=&#8221;a-btn-2&#8243; additional_btn_style=&#8221;a-btn-2&#8243; image=&#8221;6503&#8243; button=&#8221;url:https%3A%2F%2Flaurencepm-photo.com%2Fen%2Fvisite-virtuelle-scan-3d-a-annecy-haute-savoie-geneve-suisse-romande%2F|title:Voir%20Portfolio&#8221;][banner_slider_items option_style=&#8221;urban&#8221; title=&#8221;Corporate Events, Shows&#8221; btn_style=&#8221;a-btn-2&#8243; image=&#8221;6340&#8243; button=&#8221;url:https%3A%2F%2Flaurencepm-photo.com%2Fen%2Freportage-dentreprise-evenementiel-annecy-geneve%2F|title:See%20Portfolio&#8221;][banner_slider_items option_style=&#8221;urban&#8221; title=&#8221;Corporate Portraits&#8221; btn_style=&#8221;a-btn-2&#8243; additional_btn_style=&#8221;a-btn-2&#8243; image=&#8221;6441&#8243; button=&#8221;url:https%3A%2F%2Flaurencepm-portraits.com%2F|title:See%20Portrait%20Website|target:_blank&#8221;][banner_slider_items option_style=&#8221;urban&#8221; title=&#8221;Fine Art Landscape Prints&#8221; btn_style=&#8221;a-btn-2&#8243; additional_btn_style=&#8221;a-btn-2&#8243; image=&#8221;6986&#8243; button=&#8221;url:https%3A%2F%2Flaurencepm-photo.com%2Fboutique%2F|title:Visit%20E-shop|target:_blank&#8221;][\/banner_slider][\/vc_column][\/vc_row][vc_row desctop_mb=&#8221;margin-lg-90b&#8221; tablets_mb=&#8221;margin-sm-70b&#8221; mobile_mb=&#8221;margin-xs-30b&#8221;][vc_column][vc_column_text]<\/p>\n<h1 style=\"text-align: center;\">Architecture, Real Estate, Virtual Visit and events Photographer in Annecy, Geneva and resorts in the Alps<\/h1>\n<p>[\/vc_column_text][vc_empty_space][vc_column_text][\/vc_column_text][vc_column_text]<\/p>\n<h2 style=\"text-align: center;\">Photographer in Annecy, Geneva, Haute-Savoie, Savoie, Rh\u00f4ne-Alpes and Switzerland for your professional projects : architecture, events, virtual visits.<\/h2>\n<p>[\/vc_column_text][wiso_headings style=&#8221;text_link&#8221; title=&#8221;Architecture and Real Estate in Annecy&#8221; subtitle=&#8221;Whether you are an architect, a real estate or hospitality professional, or a company looking to promote its activities, I will bring your creations to life and enhance your business with high-quality images.&#8221; button=&#8221;url:https%3A%2F%2Flaurencepm-photo.com%2Fen%2Fphotographe-architecture-et-immobilier-a-annecy-geneve%2F|title:Voir%20le%20portfolio&#8221;][wiso_headings style=&#8221;text_link&#8221; subtitle=&#8221;My immersive 3D virtual tour services provide real added value for real estate professionals, art galleries, shops, restaurants, hospitality businesses, or any company looking to promote their activities on Google Business and Streetview.&#8221; button=&#8221;url:https%3A%2F%2Flaurencepm-photo.com%2Fen%2Fvisite-virtuelle-scan-3d-a-annecy-haute-savoie-geneve-suisse-romande%2F|title:See%20Portfolio&#8221;][wiso_headings style=&#8221;text_link&#8221; subtitle=&#8221;As an event photographer specializing in capturing shows and events, I highlight all the efforts you&#8217;ve invested in organizing your event and the beautiful bonding moments you&#8217;ve facilitated.&#8221; button=&#8221;url:https%3A%2F%2Flaurencepm-photo.com%2Fen%2Freportage-dentreprise-evenementiel-annecy-geneve%2F|title:See%20portfolio|target:_blank&#8221;][wiso_headings style=&#8221;text_link&#8221; subtitle=&#8221;To decorate your offices or enhance the decor for your clients, my landscape photos are available for sale as fine art prints, posters, or aluminum dibond prints in my online store.&#8221; button=&#8221;url:https%3A%2F%2Flaurencepm-photo.com%2Fboutique%2F|title:Visit%20E-shop|target:_blank&#8221;][wiso_headings style=&#8221;text_link&#8221; subtitle=&#8221;I offer my skills to enhance your personal branding by creating corporate portraits to showcase your image across various communication platforms. This will allow you to demonstrate your professionalism and humanize your business.&#8221; button=&#8221;url:https%3A%2F%2Flaurencepm-portraits.com%2F|title:Visit%20the%20Portrait%20dedicated%20website|target:_blank&#8221;][\/vc_column][\/vc_row][vc_row full_width=&#8221;stretch_row&#8221; disable_element=&#8221;yes&#8221; desctop_mb=&#8221;margin-lg-120b&#8221; desctop_md_mb=&#8221;margin-md-90b&#8221; tablets_mb=&#8221;margin-sm-60b&#8221; mobile_mb=&#8221;margin-xs-5b&#8221;][vc_column css_animation=&#8221;none&#8221;][vc_column_text]<!-- The Grid Plugin Version 2.7.9.5 --><div class=\"tg-error-msg\" data-grid-name=\"Wiso Grid Transform\">No grid was found for: Wiso Grid Transform.<\/div>[\/vc_column_text][\/vc_column][\/vc_row][vc_row full_width=&#8221;stretch_row_content&#8221; desctop_mb=&#8221;margin-lg-95b&#8221; desctop_md_mb=&#8221;margin-md-65b&#8221; tablets_mt=&#8221;margin-sm-45t&#8221; tablets_mb=&#8221;margin-sm-50b&#8221; mobile_mt=&#8221;margin-xs-30t&#8221; mobile_mb=&#8221;margin-xs-15b&#8221; css=&#8221;.vc_custom_1711634042816{background-color: #777777 !important;}&#8221;][vc_column css_animation=&#8221;none&#8221; css=&#8221;.vc_custom_1527264379741{padding-top: 0px !important;}&#8221;][wiso_testimonial autoplay=&#8221;5&#8243; speed=&#8221;1500&#8243; loop=&#8221;true&#8221; bg_text=&#8221;testimonials&#8221;][wiso_testimonial_items author=&#8221;Gis\u00e8le D.&#8221; logo_image=&#8221;6850&#8243;]<span class=\"wiI7pd\">Laurence a \u00e9t\u00e9 tr\u00e8s r\u00e9active pour la mise en place de notre premier Rdv. Sp\u00e9cialiste des photos dans le domaine de l&#8217;Immobilier je la recommande \u00e0 100%<\/span>[\/wiso_testimonial_items][wiso_testimonial_items author=&#8221;Fran Duncombe&#8221; stars=&#8221;five&#8221; logo_image=&#8221;6339&#8243;]It was a real pleasure to work with Laurence. She has a great eye and attention to detail and I am really pleased with photographs produced to promote my ski chalet.[\/wiso_testimonial_items][wiso_testimonial_items author=&#8221;Sylviane R.&#8221; logo_image=&#8221;6749&#8243;]<span class=\"wiI7pd\">Tr\u00e8s bon contact avec Laurence, sa r\u00e9activit\u00e9 et son professionnalisme font vraiment la diff\u00e9rence. La visite virtuelle 3D est bluffante. J&#8217;ai d&#8217;ailleurs recommand\u00e9 Laurence \u00e0 deux de mes clients.<\/span>[\/wiso_testimonial_items][\/wiso_testimonial][vc_empty_space][\/vc_column][\/vc_row][vc_row disable_element=&#8221;yes&#8221; desctop_mb=&#8221;margin-lg-100b&#8221; desctop_md_mb=&#8221;margin-md-65b&#8221; tablets_mb=&#8221;margin-sm-55b&#8221; mobile_mb=&#8221;margin-xs-30b&#8221;][vc_column css_animation=&#8221;none&#8221;][wiso_services_list desc_column=&#8221;4&#8243; tablet_column=&#8221;6&#8243; btn_style=&#8221;a-btn-3&#8243; btn_text=&#8221;see more&#8221; count=&#8221;3&#8243;][\/vc_column][\/vc_row][vc_row full_width=&#8221;stretch_row_content_no_spaces&#8221; desctop_mb=&#8221;margin-lg-100b&#8221; desctop_md_mb=&#8221;margin-md-70b&#8221; tablets_mb=&#8221;margin-sm-60b&#8221; mobile_mb=&#8221;margin-xs-25b&#8221; desctop_lg_pt=&#8221;padding-lg-40t&#8221; desctop_lg_pb=&#8221;padding-lg-70b&#8221; mobile_pt=&#8221;padding-xs-10t&#8221; mobile_pb=&#8221;padding-xs-50b&#8221; css=&#8221;.vc_custom_1661596438448{background-color: #222222 !important;}&#8221;][vc_column][wiso_headings style=&#8221;text_left&#8221; title=&#8221;Architecture photographer based in Annecy, I travel across Haute-Savoie, Savoie area as well as Geneva. Feel free to contact me to talk about your project.&#8221; btn_style=&#8221;a-btn-4&#8243; button=&#8221;url:https%3A%2F%2Fpernet-mugnier.fr%2Fphoto3%2Fcontact%2F|title:Contact%20me&#8221;][\/vc_column][\/vc_row]<\/p>\n<\/div>","protected":false},"excerpt":{"rendered":"<p>[vc_row full_width=&#8221;stretch_row_content_no_spaces&#8221; desctop_mb=&#8221;margin-lg-120b&#8221; desctop_md_mb=&#8221;margin-md-80b&#8221; tablets_mb=&#8221;margin-sm-80b&#8221; mobile_mb=&#8221;margin-xs-40b&#8221;][vc_column css_animation=&#8221;none&#8221;][banner_slider type_slider=&#8221;myro&#8221; autoplay=&#8221;2&#8243; speed=&#8221;3000&#8243; socials_urban=&#8221;%5B%7B%22icon%22%3A%22fa%20fa-dribbble%22%2C%22social_url%22%3A%22https%3A%2F%2Fdribbble.com%2F%22%7D%2C%7B%22icon%22%3A%22fa%20fa-instagram%22%2C%22social_url%22%3A%22https%3A%2F%2Fwww.instagram.com%2F%22%7D%2C%7B%22icon%22%3A%22fa%20fa-twitter%22%2C%22social_url%22%3A%22https%3A%2F%2Ftwitter.com%2F%22%7D%2C%7B%22icon%22%3A%22fa%20fa-facebook-square%22%2C%22social_url%22%3A%22https%3A%2F%2Fwww.facebook.com%2F%22%7D%5D&#8221; additional_title=&#8221;WISO &#8211; DESIGN STYDIO&#8221;][banner_slider_items option_style=&#8221;urban&#8221; title=&#8221;Architecture &amp; Real Estate&#8221; btn_style=&#8221;a-btn-2&#8243; image=&#8221;6377&#8243; button=&#8221;url:https%3A%2F%2Flaurencepm-photo.com%2Fen%2Fphotographe-architecture-et-immobilier-a-annecy-geneve%2F|title:See%20Portfolio&#8221;][banner_slider_items option_style=&#8221;urban&#8221; title=&#8221;Drone Photography&#8221; btn_style=&#8221;a-btn-2&#8243; image=&#8221;6733&#8243; button=&#8221;url:https%3A%2F%2Flaurencepm-photo.com%2Fen%2Fphotographe-prise-vue-aerienne-drone-a-annecy%2F|title:See%20Portfolio&#8221;][banner_slider_items option_style=&#8221;urban&#8221; title=&#8221;3D Virtual Visits&#8221; btn_style=&#8221;a-btn-2&#8243; additional_btn_style=&#8221;a-btn-2&#8243; image=&#8221;6503&#8243; button=&#8221;url:https%3A%2F%2Flaurencepm-photo.com%2Fen%2Fvisite-virtuelle-scan-3d-a-annecy-haute-savoie-geneve-suisse-romande%2F|title:Voir%20Portfolio&#8221;][banner_slider_items option_style=&#8221;urban&#8221; title=&#8221;Corporate Events, Shows&#8221; btn_style=&#8221;a-btn-2&#8243; image=&#8221;6340&#8243; button=&#8221;url:https%3A%2F%2Flaurencepm-photo.com%2Fen%2Freportage-dentreprise-evenementiel-annecy-geneve%2F|title:See%20Portfolio&#8221;][banner_slider_items option_style=&#8221;urban&#8221; title=&#8221;Corporate Portraits&#8221; btn_style=&#8221;a-btn-2&#8243; additional_btn_style=&#8221;a-btn-2&#8243; image=&#8221;6441&#8243; button=&#8221;url:https%3A%2F%2Flaurencepm-portraits.com%2F|title:See%20Portrait%20Website|target:_blank&#8221;][banner_slider_items option_style=&#8221;urban&#8221; title=&#8221;Fine Art Landscape &#8230;<\/p>\n","protected":false},"author":1,"featured_media":0,"parent":0,"menu_order":0,"comment_status":"closed","ping_status":"closed","template":"","meta":{"footnotes":""},"class_list":["post-6284","page","type-page","status-publish","hentry"],"translation":{"provider":"WPGlobus","version":"3.0.2","language":"en","enabled_languages":["fr","en"],"languages":{"fr":{"title":true,"content":true,"excerpt":false},"en":{"title":true,"content":true,"excerpt":false}}},"aioseo_notices":[],"_links":{"self":[{"href":"https:\/\/laurencepm-photo.com\/en\/wp-json\/wp\/v2\/pages\/6284","targetHints":{"allow":["GET"]}}],"collection":[{"href":"https:\/\/laurencepm-photo.com\/en\/wp-json\/wp\/v2\/pages"}],"about":[{"href":"https:\/\/laurencepm-photo.com\/en\/wp-json\/wp\/v2\/types\/page"}],"author":[{"embeddable":true,"href":"https:\/\/laurencepm-photo.com\/en\/wp-json\/wp\/v2\/users\/1"}],"replies":[{"embeddable":true,"href":"https:\/\/laurencepm-photo.com\/en\/wp-json\/wp\/v2\/comments?post=6284"}],"version-history":[{"count":42,"href":"https:\/\/laurencepm-photo.com\/en\/wp-json\/wp\/v2\/pages\/6284\/revisions"}],"predecessor-version":[{"id":7485,"href":"https:\/\/laurencepm-photo.com\/en\/wp-json\/wp\/v2\/pages\/6284\/revisions\/7485"}],"wp:attachment":[{"href":"https:\/\/laurencepm-photo.com\/en\/wp-json\/wp\/v2\/media?parent=6284"}],"curies":[{"name":"wp","href":"https:\/\/api.w.org\/{rel}","templated":true}]}}

<div class="wpb-content-wrapper"><p>[vc_row full_width=&#8221;stretch_row_content_no_spaces&#8221; desctop_mb=&#8221;margin-lg-120b&#8221; desctop_md_mb=&#8221;margin-md-80b&#8221; tablets_mb=&#8221;margin-sm-80b&#8221; mobile_mb=&#8221;margin-xs-40b&#8221;][vc_column css_animation=&#8221;none&#8221;][banner_slider type_slider=&#8221;myro&#8221; autoplay=&#8221;2&#8243; speed=&#8221;3000&#8243; socials_urban=&#8221;%5B%7B%22icon%22%3A%22fa%20fa-dribbble%22%2C%22social_url%22%3A%22https%3A%2F%2Fdribbble.com%2F%22%7D%2C%7B%22icon%22%3A%22fa%20fa-instagram%22%2C%22social_url%22%3A%22https%3A%2F%2Fwww.instagram.com%2F%22%7D%2C%7B%22icon%22%3A%22fa%20fa-twitter%22%2C%22social_url%22%3A%22https%3A%2F%2Ftwitter.com%2F%22%7D%2C%7B%22icon%22%3A%22fa%20fa-facebook-square%22%2C%22social_url%22%3A%22https%3A%2F%2Fwww.facebook.com%2F%22%7D%5D&#8221; additional_title=&#8221;WISO &#8211; DESIGN STYDIO&#8221;][banner_slider_items option_style=&#8221;urban&#8221; title=&#8221;Architecture &amp; Real Estate&#8221; btn_style=&#8221;a-btn-2&#8243; image=&#8221;6377&#8243; button=&#8221;url:https%3A%2F%2Flaurencepm-photo.com%2Fen%2Fphotographe-architecture-et-immobilier-a-annecy-geneve%2F|title:See%20Portfolio&#8221;][banner_slider_items option_style=&#8221;urban&#8221; title=&#8221;Drone Photography&#8221; btn_style=&#8221;a-btn-2&#8243; image=&#8221;6733&#8243; button=&#8221;url:https%3A%2F%2Flaurencepm-photo.com%2Fen%2Fphotographe-prise-vue-aerienne-drone-a-annecy%2F|title:See%20Portfolio&#8221;][banner_slider_items option_style=&#8221;urban&#8221; title=&#8221;3D Virtual Visits&#8221; btn_style=&#8221;a-btn-2&#8243; additional_btn_style=&#8221;a-btn-2&#8243; image=&#8221;6503&#8243; button=&#8221;url:https%3A%2F%2Flaurencepm-photo.com%2Fen%2Fvisite-virtuelle-scan-3d-a-annecy-haute-savoie-geneve-suisse-romande%2F|title:Voir%20Portfolio&#8221;][banner_slider_items option_style=&#8221;urban&#8221; title=&#8221;Corporate Events, Shows&#8221; btn_style=&#8221;a-btn-2&#8243; image=&#8221;6340&#8243; button=&#8221;url:https%3A%2F%2Flaurencepm-photo.com%2Fen%2Freportage-dentreprise-evenementiel-annecy-geneve%2F|title:See%20Portfolio&#8221;][banner_slider_items option_style=&#8221;urban&#8221; title=&#8221;Corporate Portraits&#8221; btn_style=&#8221;a-btn-2&#8243; additional_btn_style=&#8221;a-btn-2&#8243; image=&#8221;6441&#8243; button=&#8221;url:https%3A%2F%2Flaurencepm-portraits.com%2F|title:See%20Portrait%20Website|target:_blank&#8221;][banner_slider_items option_style=&#8221;urban&#8221; title=&#8221;Fine Art Landscape Prints&#8221; btn_style=&#8221;a-btn-2&#8243; additional_btn_style=&#8221;a-btn-2&#8243; image=&#8221;6986&#8243; button=&#8221;url:https%3A%2F%2Flaurencepm-photo.com%2Fboutique%2F|title:Visit%20E-shop|target:_blank&#8221;][/banner_slider][/vc_column][/vc_row][vc_row desctop_mb=&#8221;margin-lg-90b&#8221; tablets_mb=&#8221;margin-sm-70b&#8221; mobile_mb=&#8221;margin-xs-30b&#8221;][vc_column][vc_column_text]</p>
<h1 style="text-align: center;">Architecture, Real Estate, Virtual Visit and events Photographer in Annecy, Geneva and resorts in the Alps</h1>
<p>[/vc_column_text][vc_empty_space][vc_column_text][/vc_column_text][vc_column_text]</p>
<h2 style="text-align: center;">Photographer in Annecy, Geneva, Haute-Savoie, Savoie, Rhône-Alpes and Switzerland for your professional projects : architecture, events, virtual visits.</h2>
<p>[/vc_column_text][wiso_headings style=&#8221;text_link&#8221; title=&#8221;Architecture and Real Estate in Annecy&#8221; subtitle=&#8221;Whether you are an architect, a real estate or hospitality professional, or a company looking to promote its activities, I will bring your creations to life and enhance your business with high-quality images.&#8221; button=&#8221;url:https%3A%2F%2Flaurencepm-photo.com%2Fen%2Fphotographe-architecture-et-immobilier-a-annecy-geneve%2F|title:Voir%20le%20portfolio&#8221;][wiso_headings style=&#8221;text_link&#8221; subtitle=&#8221;My immersive 3D virtual tour services provide real added value for real estate professionals, art galleries, shops, restaurants, hospitality businesses, or any company looking to promote their activities on Google Business and Streetview.&#8221; button=&#8221;url:https%3A%2F%2Flaurencepm-photo.com%2Fen%2Fvisite-virtuelle-scan-3d-a-annecy-haute-savoie-geneve-suisse-romande%2F|title:See%20Portfolio&#8221;][wiso_headings style=&#8221;text_link&#8221; subtitle=&#8221;As an event photographer specializing in capturing shows and events, I highlight all the efforts you&#8217;ve invested in organizing your event and the beautiful bonding moments you&#8217;ve facilitated.&#8221; button=&#8221;url:https%3A%2F%2Flaurencepm-photo.com%2Fen%2Freportage-dentreprise-evenementiel-annecy-geneve%2F|title:See%20portfolio|target:_blank&#8221;][wiso_headings style=&#8221;text_link&#8221; subtitle=&#8221;To decorate your offices or enhance the decor for your clients, my landscape photos are available for sale as fine art prints, posters, or aluminum dibond prints in my online store.&#8221; button=&#8221;url:https%3A%2F%2Flaurencepm-photo.com%2Fboutique%2F|title:Visit%20E-shop|target:_blank&#8221;][wiso_headings style=&#8221;text_link&#8221; subtitle=&#8221;I offer my skills to enhance your personal branding by creating corporate portraits to showcase your image across various communication platforms. This will allow you to demonstrate your professionalism and humanize your business.&#8221; button=&#8221;url:https%3A%2F%2Flaurencepm-portraits.com%2F|title:Visit%20the%20Portrait%20dedicated%20website|target:_blank&#8221;][/vc_column][/vc_row][vc_row full_width=&#8221;stretch_row&#8221; disable_element=&#8221;yes&#8221; desctop_mb=&#8221;margin-lg-120b&#8221; desctop_md_mb=&#8221;margin-md-90b&#8221; tablets_mb=&#8221;margin-sm-60b&#8221; mobile_mb=&#8221;margin-xs-5b&#8221;][vc_column css_animation=&#8221;none&#8221;][vc_column_text]<!-- The Grid Plugin Version 2.7.9.5 --><div class="tg-error-msg" data-grid-name="Wiso Grid Transform">No grid was found for: Wiso Grid Transform.</div>[/vc_column_text][/vc_column][/vc_row][vc_row full_width=&#8221;stretch_row_content&#8221; desctop_mb=&#8221;margin-lg-95b&#8221; desctop_md_mb=&#8221;margin-md-65b&#8221; tablets_mt=&#8221;margin-sm-45t&#8221; tablets_mb=&#8221;margin-sm-50b&#8221; mobile_mt=&#8221;margin-xs-30t&#8221; mobile_mb=&#8221;margin-xs-15b&#8221; css=&#8221;.vc_custom_1711634042816{background-color: #777777 !important;}&#8221;][vc_column css_animation=&#8221;none&#8221; css=&#8221;.vc_custom_1527264379741{padding-top: 0px !important;}&#8221;][wiso_testimonial autoplay=&#8221;5&#8243; speed=&#8221;1500&#8243; loop=&#8221;true&#8221; bg_text=&#8221;testimonials&#8221;][wiso_testimonial_items author=&#8221;Gisèle D.&#8221; logo_image=&#8221;6850&#8243;]<span class="wiI7pd">Laurence a été très réactive pour la mise en place de notre premier Rdv. Spécialiste des photos dans le domaine de l&#8217;Immobilier je la recommande à 100%</span>[/wiso_testimonial_items][wiso_testimonial_items author=&#8221;Fran Duncombe&#8221; stars=&#8221;five&#8221; logo_image=&#8221;6339&#8243;]It was a real pleasure to work with Laurence. She has a great eye and attention to detail and I am really pleased with photographs produced to promote my ski chalet.[/wiso_testimonial_items][wiso_testimonial_items author=&#8221;Sylviane R.&#8221; logo_image=&#8221;6749&#8243;]<span class="wiI7pd">Très bon contact avec Laurence, sa réactivité et son professionnalisme font vraiment la différence. La visite virtuelle 3D est bluffante. J&#8217;ai d&#8217;ailleurs recommandé Laurence à deux de mes clients.</span>[/wiso_testimonial_items][/wiso_testimonial][vc_empty_space][/vc_column][/vc_row][vc_row disable_element=&#8221;yes&#8221; desctop_mb=&#8221;margin-lg-100b&#8221; desctop_md_mb=&#8221;margin-md-65b&#8221; tablets_mb=&#8221;margin-sm-55b&#8221; mobile_mb=&#8221;margin-xs-30b&#8221;][vc_column css_animation=&#8221;none&#8221;][wiso_services_list desc_column=&#8221;4&#8243; tablet_column=&#8221;6&#8243; btn_style=&#8221;a-btn-3&#8243; btn_text=&#8221;see more&#8221; count=&#8221;3&#8243;][/vc_column][/vc_row][vc_row full_width=&#8221;stretch_row_content_no_spaces&#8221; desctop_mb=&#8221;margin-lg-100b&#8221; desctop_md_mb=&#8221;margin-md-70b&#8221; tablets_mb=&#8221;margin-sm-60b&#8221; mobile_mb=&#8221;margin-xs-25b&#8221; desctop_lg_pt=&#8221;padding-lg-40t&#8221; desctop_lg_pb=&#8221;padding-lg-70b&#8221; mobile_pt=&#8221;padding-xs-10t&#8221; mobile_pb=&#8221;padding-xs-50b&#8221; css=&#8221;.vc_custom_1661596438448{background-color: #222222 !important;}&#8221;][vc_column][wiso_headings style=&#8221;text_left&#8221; title=&#8221;Architecture photographer based in Annecy, I travel across Haute-Savoie, Savoie area as well as Geneva. Feel free to contact me to talk about your project.&#8221; btn_style=&#8221;a-btn-4&#8243; button=&#8221;url:https%3A%2F%2Fpernet-mugnier.fr%2Fphoto3%2Fcontact%2F|title:Contact%20me&#8221;][/vc_column][/vc_row]</p>
</div>
